te?
True
Let t = 240571 + -143720. Is t prime?
True
Let b(h) = -2200*h - 34. Let t be b(-2). Suppose k - 35*y = -40*y + t, 5 = -y. Is k a prime number?
True
Let x(u) = u**3 + 2*u**2 - 4*u - 5430. Let o be x(0). Is o/(-6) - (-10 + 4) a prime number?
True
Let d = -513 - -1044. Let x(h) = 3*h - 2*h + 349 + 163 + d. Is x(0) a prime number?
False
Suppose 52*o = -0*o + 4204148. Is o composite?
False
Let a = 125 - 85. Let m = a - 37. Suppose 2*x + m*x = g - 37, g - 43 = 2*x. Is g composite?
False
Is (4 - 244/(-12))/((-59)/(-1154217)) prime?
False
Suppose -2*i + 8 = 0, -3*c - 5*i + 2099 = -3270. Let g = 115 + -1089. Let f = g + c. Is f a prime number?
True
Let h(o) be the second derivative of 347*o**3/6 - 75*o**2/2 + o - 34. Is h(14) composite?
False
Let u(v) = v**3 - 8*v**2 - 5*v - 27. Let z be u(9). Is (-3)/z + (-13)/(117/(-34140)) composite?
False
Suppose 0 = -4*r + 8*r - 8. Let d(c) = c**3 + 5*c + c - 5 + 15*c**r - c. Is d(-8) prime?
False
Let d(z) = 7962*z + 2693. Is d(3) a composite number?
True
Let z(h) = -h**3 - 2*h**2 - h + 6. Let m be z(-2). Let f(d) = 4*d**3 - 5*d**2 + 4*d - 21. Is f(m) prime?
False
Suppose -13*y = -4*y - 935127. Is y a composite number?
False
Let z = -2407 - -5723. Suppose 18*g - 37426 + z = 0. Is g a composite number?
True
Suppose -3*s + 4*c - c = 3, -4 = -2*s + 4*c. Is (1 - -2) + (4 + -443)*s a prime number?
True
Let a(y) = -y**3 - 24*y**2 + 23. Let k be a(-24). Suppose -714 = k*h - 25*h + g, -2*h - g + 706 = 0. Is h a prime number?
False
Is 3*(-171)/54*10862*-1 a composite number?
True
Let d be (-129768)/(0 + -6) - (-1 - -4). Suppose w = 54 + d. Suppose -8*m + w = -12473. Is m composite?
True
Suppose 5*w + 12474819 = 12*w + 56*w. Is w prime?
True
Suppose -g = 3*a - 5, 5*g - 5*a = 66 + 39. Suppose g*c - 19*c - 4454 = 0. Let t = -1124 - c. Is t composite?
False
Let b(n) = 36*n**2 - 17*n + 1. Let d(h) = 36*h**2 - 15*h + 1. Let u(g) = -2*b(g) + 3*d(g). Is u(-6) a prime number?
False
Let g = -7094 + 11703. Is g prime?
False
Let w = -40509 + 65374. Let n = 8698 + w. Is n prime?
True
Suppose -t - 4*v = -1455641, -26*v - 1455665 = -t - 22*v. Is t a composite number?
False
Let f(d) = 185*d**2 + d - 1. Let h(g) = g**3 - 26*g + 7. Let x be h(5). Suppose 5*a = x - 27. Is f(a) a composite number?
True
Let k(z) = -z**3 - 19*z**2 + 24*z + 18. Suppose -951 = 5*p - 821. Is k(p) a composite number?
True
Suppose -5*b + 44090 = -2*v - 93445, -4*b + v = -110031. Is b a composite number?
False
Let f(i) = -2*i. Let v be f(7). Let t(q) = -501*q + 43. Is t(v) prime?
True
Let u be ((-50)/2)/(-1 + 0). Suppose 0 = 4*a + 20, 0 = j + a. Suppose 2*q + u = n, 6*n - 28 = j*n + 3*q. Is n a composite number?
False
Let d(a) = -1595*a + 876. Is d(-53) a prime number?
True
Suppose -s + 4*z - 7441 = -2*s, -2*z = -s + 7453. Is -4 + 7 + -1 + s prime?
True
Let x(w) = 381*w**2 + 10*w - 73. Is x(12) prime?
False
Suppose 71*c + 4 = 73*c. Suppose c*z = 36*z - 162418. Is z a composite number?
True
Let x(p) = -1942*p**2 + 2*p - 1. Let k be x(1). Is k/12*(1 + -5) a composite number?
False
Is (((-31190145)/60)/((-3)/12))/7 a composite number?
False
Let j(x) = -4*x - 9. Let n be j(-18). Suppose -18263 = -n*q + 56*q. Is q a prime number?
True
Let p(s) be the first derivative of -134*s**2 - 77*s - 75. Is p(-15) a prime number?
True
Suppose -4 = -74*q + 72*q. Suppose -m + 0*m + 4*s = -1056, 2*m + 5*s = 2086. Is ((-3)/(-2))/(q + (-2092)/m) composite?
True
Let b be (-4)/2 - (0 - -1 - 9). Let r be 1 + (b/2 - 6) + 1213. Let v = r + -380. Is v prime?
False
Let t = -30 + 32. Suppose -2*r + 3484 + 4002 = t*o, 4*o - 4*r - 15004 = 0. Is o prime?
False
Let b = -47 - -47. Let p be 20 - ((4 - 0) + b). Is -4*(0 + (-124)/p) prime?
True
Let h(g) = 74*g**3 - 5*g**2 - 6*g - 6. Let v be h(5). Let j = v - -1320. Is j prime?
False
Let g = 29396 + -20687. Is g prime?
False
Let u(c) = 582*c**3 + c**2 + 2*c - 1. Suppose 0 = 4*f - 11*l + 6*l - 23, 2*f = -2*l - 2. Is u(f) a prime number?
True
Suppose 965 = 2*h - 587. Is (6 - 8) + h + -3 + -2 a prime number?
True
Let i = -2257 + -1385. Is (-1)/2 - (-16)/(-32) - i prime?
False
Is 2 - -1 - (-22 - 8032) a composite number?
True
Suppose -20*f - 5 = -105. Let j(h) = 1535*h - 72. Is j(f) a prime number?
True
Let c(m) = -17*m - 32. Let t be c(-2). Suppose -3*y - 5*l = -640, -10 = 4*y + 5*l - 860. Suppose -t*f = -1048 + y. Is f prime?
True
Let t(w) be the first derivative of 2*w + 1658/3*w**3 + 31 - 3/2*w**2. Is t(1) a composite number?
False
Let o be 0/(-8)*1/(-2). Let m(k) = -k**3 + k**2 + 2*k. Let y be m(o). Suppose -1119 = -3*l - y*l. Is l a composite number?
False
Let w be (-138 - -137)/(1/(-2413)). Let b be (-1990)/(-4)*(-8)/(-10). Suppose -3*j = -w - b. Is j a prime number?
True
Let k = -27354 - -89573. Is k composite?
False
Suppose i + 2*l = 83, l = 2*l. Let c = i + -87. Is (-885)/(-27) - -4 - c/18 a prime number?
True
Suppose 5*j = 56*f - 60*f + 255218, -2*f = 5*j - 127604. Is f prime?
False
Suppose -82379850 = -436*p + 101*p + 9521705. Is p prime?
True
Suppose 79*g - 201*g = -178730. Is g a composite number?
True
Let j be (-19)/(-2) + 40/(-16). Suppose -2*s = -j*s - q + 21607, -4*q + 21613 = 5*s. Is s a composite number?
True
Let n(r) = 237*r**3 + 3*r**2 - 3*r - 3. Let y be n(3). Suppose 0 = 2*x - t - y, -2*x + 6*x + 4*t = 12828. Is (1 - 0)/(0 + 3/x) a prime number?
True
Let o be ((78/2)/3)/((-9)/(-18)). Let n(d) = 11*d**2 - 4*d - 43. Is n(o) a prime number?
False
Suppose -34*n - 39 = -141. Let r be -3*142*(-92)/8. Suppose n*k - 14692 = 5*q, -k + 3*q - q = -r. Is k a prime number?
True
Suppose 5*m - 30 = 0, -53530 = -l + m + 43107. Is l a composite number?
False
Suppose -184543 = -23*g + 579264. Is g a prime number?
False
Suppose -3*b + 96259 + 31016 = 4*p, -4*b + 169696 = 4*p. Is b a composite number?
True
Let f(v) = -11784*v - 2117. Is f(-6) prime?
False
Let w be (-38*2/(-6))/((-24)/(-36)). Suppose -2086 = -w*l + 17*l. Is l composite?
True
Suppose n + 8 = 3*o - 3, 0 = 3*o + 4*n - 31. Suppose 0 = -3*x - 5*s + 25, -o*s = x - 2*x - 25. Suppose -h + 67 - 14 = x. Is h composite?
False
Let n = -788 - -11743. Suppose b + 4*a = 10969, -b - 2*a + 5*a = -n. Is b a composite number?
True
Let q(m) = 3*m**3 + 20*m**2 + 4*m + 8. Suppose 2*i = 0, -4*i = -3*g - 0*i - 54. Let u be q(g). Is u/(-4) - (-6)/(-2) a composite number?
False
Suppose -60 = -2*k + 4*d, -5*k + 126 = 2*d - 4*d. Let p be 32/4*(-906)/k. Let g = p - -1255. Is g a composite number?
False
Suppose -2*s - 99104 = -4*n, 9*s = 4*n + 14*s - 99146. Is n composite?
True
Let i be -1 - -33195 - (-64)/(-16). Suppose -4*f - 5*m + 26547 = -6*m, -5*m + i = 5*f. Is f a composite number?
False
Let k(x) be the first derivative of 116*x**3/3 + 47*x**2/2 + 4*x - 84. Is k(-3) composite?
False
Let l = -187886 - -421629. Is l a composite number?
False
Let f(h) = 2*h - 7. Let k(n) = -n + 4. Let b(c) = -4*f(c) - 7*k(c). Let s(z) = -z**3 + 8*z**2 - 8*z - 16. Let l(r) = -2*b(r) - s(r). Is l(7) a prime number?
True
Let k(x) = x**2 + 1. Let o(n) = -125*n**2 + 2*n + 2. Let p(l) = -3*k(l) - o(l). Suppose 0*b + 3*d - 3 = -b, -2*b - 2 = 2*d. Is p(b) composite?
True
Suppose 0 = 2*g + 2*g - 8, 5*i + g = -33. Let z = -7 - i. Suppose -5*x + n + 2364 - 870 = 0, z = -4*x + 2*n + 1194. Is x a composite number?
True
Let p(u) = -2*u**2 + 2767. Suppose 140*m = 135*m. Is p(m) a composite number?
False
Let n(k) = k**3 - 17*k**2 - 56*k - 19. Let d be n(22). Suppose 11*u = d - 190. Is u a composite number?
False
Is 160581 - 5/35*28/8*4 composite?
False
Is (5*(-286924)/990)/(4/(-18)) a composite number?
False
Let z be -1 + (6 - 12 - -7). Is (929/(-2))/((z - -5)/(-110)) a prime number?
False
Suppose 2*a - 22033 - 9682 = -3*a. Is a composite?
False
Let y be (2 + 1)/((-3)/4). Let c be ((-1)/y)/((-2)/(-40)). Suppose 2390 = -0*j + c*j. Is j composite?
True
Is 7098220/(-20)*(11 + -12) prime?
True
Let p(k) = 38*k**3 + 4*k**2 + 6*k + 5. Let m be p(-3). Let h = 1516 - m. Is h composite?
True
Let y = -657162 - -450000. Is ((-1 - 0)/3)/(6/y) a composite number?
True
Suppose -q + 8*q - 2730 = 0. Let g = 1799 - q. Is g prime?
True
Let z(s) = -3*s**3 - 204*s + 5 - 30 + 195*s. Is z(-10) a prime number?
False
Let y(q) = 18*q**2 - 23*q + 67. Let a be y(-32). Suppose -2*u = -4*m + 5889 - a, 2*u - 13364 = -2*m. Is u a prime number?
True
Suppose 13 = 4*n